False
Is 1759410 a multiple of 860?
False
Does 54 divide 571435?
False
Does 5 divide 23912?
False
Does 21 divide 52979?
False
Is 10 a factor of 70460?
True
Is 2704940 a multiple of 51?
False
Does 1057 divide 23119761?
True
Is 13 a factor of 260858?
True
Does 25 divide 280809?
False
Is 558844 a multiple of 44?
True
Is 89 a factor of 9068250?
False
Is 74 a factor of 2365336?
True
Does 66 divide 576246?
True
Does 15 divide 5604297?
False
Does 34 divide 144884?
False
Does 31 divide 820409?
False
Does 25 divide 3698225?
True
Does 45 divide 92004?
False
Is 33 a factor of 10153920?
False
Is 3 a factor of 843398?
False
Is 5670 a multiple of 35?
True
Does 9 divide 199971?
True
Does 4 divide 33687?
False
Is 572435 a multiple of 18?
False
Is 273122 a multiple of 141?
False
Does 13 divide 381238?
True
Is 326315 a multiple of 55?
True
Is 1912 a factor of 14027616?
False
Is 794462 a multiple of 326?
True
Is 298350 a multiple of 13?
True
Does 87 divide 62911?
False
Does 8 divide 233728?
True
Does 360 divide 187920?
True
Is 32 a factor of 75296?
True
Is 103510 a multiple of 11?
True
Is 13 a factor of 3937583?
True
Is 45 a factor of 906975?
True
Is 5 a factor of 537572?
False
Is 206182 a multiple of 306?
False
Is 402 a factor of 208236?
True
Is 180537 a multiple of 13?
False
Does 3 divide 437999?
False
Does 115 divide 16727440?
True
Does 173 divide 1083722?
False
Is 4725182 a multiple of 122?
True
Does 46 divide 259072?
True
Is 1690924 a multiple of 2?
True
Does 45 divide 3186045?
True
Does 135 divide 126073?
False
Is 218843 a multiple of 13?
False
Is 184 a factor of 2188128?
True
Is 278226 a multiple of 16?
False
Is 44 a factor of 395118?
False
Is 25738 a multiple of 14?
False
Is 20 a factor of 47481?
False
Is 4 a factor of 89806?
False
Is 20 a factor of 145766?
False
Does 4 divide 440167?
False
Does 93 divide 142662?
True
Does 8 divide 9511?
False
Is 266 a factor of 5055064?
True
Is 555808 a multiple of 22?
True
Does 70 divide 22608390?
True
Is 10897319 a multiple of 64?
False
Is 108 a factor of 2395284?
False
Does 59 divide 21653?
True
Is 614 a factor of 130454?
False
Does 28 divide 36428?
True
Is 29 a factor of 89146?
True
Does 177 divide 9959248?
False
Does 160 divide 271360?
True
Is 560994 a multiple of 14?
True
Is 5204706 a multiple of 6?
True
Does 8 divide 13807?
False
Does 740 divide 23528164?
False
Does 55 divide 273248?
False
Does 10 divide 85162?
False
Is 1527186 a multiple of 1418?
True
Is 3 a factor of 417509?
False
Is 280206 a multiple of 329?
False
Is 1076484 a multiple of 14?
False
Does 27 divide 317816?
False
Is 78793 a multiple of 40?
False
Is 116 a factor of 132767?
False
Does 176 divide 121180?
False
Is 10 a factor of 173570?
True
Is 131043 a multiple of 121?
True
Does 9 divide 501975?
True
Does 6 divide 33848?
False
Is 10820294 a multiple of 205?
False
Is 16047486 a multiple of 582?
True
Is 105 a factor of 90700?
False
Does 470 divide 4259600?
False
Does 6 divide 28168?
False
Is 1227832 even?
True
Is 50925 a multiple of 25?
True
Is 270 a factor of 7340220?
True
Does 115 divide 368062?
False
Is 1868029 a multiple of 31?
True
Does 26 divide 617422?
True
Is 782 a factor of 2309201?
False
Is 9 a factor of 14391?
True
Does 544 divide 4808140?
False
Is 25 a factor of 1115537?
False
Does 17 divide 48518?
True
Does 17 divide 144704?
True
Is 655355 a multiple of 35?
False
Is 108151 a multiple of 197?
False
Does 8 divide 48479?
False
Is 42 a factor of 117532?
False
Is 100490 a multiple of 8?
False
Does 49 divide 159642?
True
Is 7096 a multiple of 30?
False
Is 143 a factor of 13585?
True
Does 379 divide 8019261?
True
Is 101560 a multiple of 20?
True
Is 2569168 a multiple of 16?
True
Is 295 a factor of 563155?
True
Does 263 divide 1231103?
True
Is 11247 a multiple of 17?
False
Is 117 a factor of 49959?
True
Is 16 a factor of 49728?
True
Does 16 divide 172080?
True
Is 742687 a multiple of 225?
False
Does 26 divide 169575?
False
Does 27 divide 7218774?
True
Does 60 divide 43790?
False
Does 152 divide 75088?
True
Is 20 a factor of 39800?
True
Is 103873 a multiple of 365?
False
Is 64 a factor of 116160?
True
Does 1019 divide 4777072?
True
Is 129048 a multiple of 228?
True
Does 2 divide 287778?
True
Is 1841655 a multiple of 239?
False
Is 50935 a multiple of 140?
False
Is 100650 a multiple of 3?
True
Is 6 a factor of 139221?
False
Does 26 divide 275344?
False
Does 474 divide 7460459?
False
Is 59774 even?
True
Is 37 a factor of 254451?
False
Does 44 divide 52536?
True
Is 576323 a multiple of 22?
False
Is 116 a factor of 57842?
False
Is 16 a factor of 108064?
True
Does 28 divide 121775?
False
Does 2 divide 6031?
False
Does 94 divide 28070?
False
Is 11 a factor of 1065244?
False
Does 235 divide 1321416?
False
Is 98539 a multiple of 2?
False
Is 23 a factor of 13797323?
False
Is 401 a factor of 2258833?
True
Is 8 a factor of 15064?
True
Does 24 divide 67461?
False
Does 2257 divide 11043501?
True
Does 672 divide 965110?
False
Does 273 divide 3417687?
True
Is 31664 a multiple of 6?
False
Does 140 divide 763980?
True
Is 10 a factor of 3256520?
True
Is 230 a factor of 4600?
True
Is 150904 a multiple of 104?
True
Does 68 divide 27676?
True
Is 6 a factor of 8898?
True
Is 476272 a multiple of 206?
True
Is 37350 a multiple of 498?
True
Is 9889200 a multiple of 50?
True
Does 33 divide 408111?
True
Is 187277 a multiple of 296?
False
Does 33 divide 420189?
True
Is 111 a factor of 1875900?
True
Is 44 a factor of 2510332?
True
Is 52 a factor of 431558?
False
Is 13 a factor of 94526?
False
Is 6424171 a multiple of 40?
False
Is 1029068 a multiple of 367?
True
Is 3 a factor of 360303?
True
Is 683316 a multiple of 2?
True
Is 24524 a multiple of 204?
False
Is 3702378 a multiple of 691?
True
Is 311 a factor of 3365206?
False
Does 124 divide 2881388?
True
Is 29 a factor of 331847?
True
Is 369 a factor of 1106262?
True
Does 257 divide 79220?
False
Is 157374 a multiple of 176?
False
Is 40 a factor of 1591199?
False
Is 4468268 a multiple of 1406?
True
Does 132 divide 11637?
False
Does 108 divide 140277?
False
Is 48 a factor of 26998?
False
Is 3234 a multiple of 294?
True
Does 158 divide 109810?
True
Is 2727485 a multiple of 441?
False
Is 58320 a multiple of 80?
True
Is 18 a factor of 163490?
False
Is 12320069 a multiple of 269?
False
Is 1817091 a multiple of 101?
True
Is 2653073 a multiple of 10?
False
Is 14 a factor of 8581902?
True
Does 31 divide 16455779?
False
Is 25844843 a multiple of 768?
False
Does 960 divide 6156694?
False
Is 42 a factor of 252924?
True
Does 54 divide 9091?
False
Is 378 a factor of 18641?
False
Does 358 divide 145794?
False
Is 14386043 a multiple of 107?
True
Does 1106 divide 3613302?
True
Does 5 divide 5370?
True
Is 16446606 a multiple of 17?
False
Does 181 divide 300279?
True
Is 24 a factor of 70056?
True
Does 442 divide 1085010?
False
Is 142 a factor of 1305264?
True
Is 613104 a multiple of 482?
True
Is 15 a factor of 187914?
False
Is 14 a factor of 7280?
True
Does 25 divide 330600?
True
Does 186 divide 206832?
True
Is 14714204 a multiple of 1044?
False
Is 400898 a multiple of 323?
False
Does 48 divide 8419806?
False
Is 32 a factor of 319896?
False
Is 194328 a multiple of 13?
False
Is 1722567 a multiple of 33?
True
Is 47362 a multiple of 119?
True
Is 228 a factor of 2139780?
True
Is 132630 a multiple of 15?
True
Does 70 divide 184767?
False
Is 293592 a multiple of 941?
True
Does 12 divide 880728?
True
Is 648 a factor of 1522800?
True
Is 120935 a multiple of 7?
False
Is 29262 a multiple of 6?
True
Is 161160 a multiple of 12?
True
Is 6377652 a multiple of 306?
True
Does 25 divide 5458451?
False
Does 451 divide 674696?
True
Does 32 divide 1259968?
True
Is 2009732 a multiple of 889?
False
Is 633414 a multiple of 922?
True
Does 3 divide 210171?
True
Is 101336 a multiple of 124?
False
Is 322 a factor of 207647?
False
Does 27 divide 21453?
False
Is 582 a factor of 323308?
False
Is 585 a factor of 900396?
False
Is 28 a factor of 5668538?
False
Is 15 a factor of 324613?
False
Is 24 a factor of 2687465?
False
Is 142221 a multiple of 401?
False
Is 1304590 a multiple of 175?
False
Does 750 divide 21000?
True
Does 22 divide 869964?
False
Is 68950 a multiple of 25?
True
Is 6 a factor of 22964?
False
Does 110 divide 44110?
True
Does 335 divide 586920?
True
Is 162295